)/(-9651)) a composite number?
True
Suppose 4*y - w = -3, w = 4 - 1. Suppose 2*o - 2 = -y*o. Is ((-2)/2)/o*-121 a prime number?
False
Let t = 98 + -102. Let p(c) = 66*c + 10. Let j(h) = 22*h + 3. Let u(f) = 17*j(f) - 6*p(f). Is u(t) composite?
False
Let o(i) = 9*i**3 - 18*i**2 + 29*i - 31. Is o(9) a composite number?
False
Let u(d) be the second derivative of 317*d**5/10 + d**4/12 + d**3/3 - d**2 + 16*d. Is u(1) composite?
True
Is 122 + (-7 - 23)/(-6) prime?
True
Suppose 0 = -0*j - 11*j + 913. Let q = j + 44. Is q a prime number?
True
Let j(f) = 218*f**2 - 2*f**3 + 0*f - 17 - 9*f + 0*f - 220*f**2. Is j(-6) a composite number?
False
Let l(j) = 0*j + 150*j**2 + 2*j + 5*j. Is l(3) prime?
False
Let y be ((-7)/(-14))/((-1)/(-20)). Let w = 195 - y. Is w a prime number?
False
Let p be 5/(-2)*(-24)/20. Is 1/(p + 5500/(-1835)) a composite number?
False
Let y(p) = 19*p**2 + 9*p - 1. Is y(-11) a composite number?
True
Suppose -g + 9 = 5. Is 179*(1 + -4 + g) prime?
True
Let p = -27 + 35. Suppose -p*g = -7*g - 209. Is g composite?
True
Let s be (-4)/(4/(-2)) - 1. Is s*(13 - 1/(-1)) a prime number?
False
Let n = 14 + -15. Let t be 2 + 1/n - -23. Suppose 5*i - t - 781 = 0. Is i a prime number?
False
Let v(q) = 8*q**3 + 4*q**2 - 11*q + 32. Is v(3) composite?
False
Let i = -105476 - -179655. Is i composite?
True
Let i = -4566 + 9037. Is i a prime number?
False
Let f(n) = -574*n + 1. Let k be f(1). Let r be (-3)/((-30)/8 + 3). Is (11/3 - r)*k a composite number?
False
Let b be -3 + (19 - (-3 + 7)). Let c be 6/((-4)/(256/b)). Let v = -19 - c. Is v composite?
False
Suppose -4*o - 36 = 4*l, 3*o - l - l + 7 = 0. Is (o/(5/634))/(14/(-7)) a prime number?
True
Let z(b) = -b**3 + 16*b**2 + 19*b + 3. Let p(x) be the second derivative of 2*x**3/3 - 2*x**2 + 2*x. Let w be p(5). Is z(w) a prime number?
True
Suppose 2*r - 14*q + 19*q - 437 = 0, 4*q - 12 = 0. Is r prime?
True
Let l(c) = 11*c**2 - 122*c + 28. Is l(15) a composite number?
False
Let i(v) be the third derivative of -v**6/120 + v**5/15 + v**4/4 - v**3/2 - 4*v**2. Let s be i(5). Is (-443)/(-5) - s/(-5) composite?
False
Let j(p) = 32 + 34 - 64 - 2*p**2 + 0*p**2 - p + 2244*p**3. Is j(1) a prime number?
True
Let v = -40 - -36. Is ((-127)/v)/(3/12) prime?
True
Let h(f) = -5868*f**2 - f - 2. Let a(y) = 2*y**3 + 2*y**2 + 3*y + 2. Let k be a(-1). Let b be h(k). Let i = 8382 + b. Is i prime?
False
Let m be (-2)/(-4)*0/1. Let z(f) = -2*f**3 + 34*f**2 + 6*f - 51. Let q be z(16). Suppose m*n + q = n. Is n prime?
True
Suppose -v - 5*u + 764 = -4*u, -5*u = -4*v + 3083. Is v a prime number?
False
Let r(y) = 306*y**2 - 3*y - 2. Let l = 22 + -23. Is r(l) prime?
True
Let n(l) = l**2 + 7*l - 5. Let v be n(-7). Let z(g) = 2*g**2 - 4*g - 7. Let w be z(v). Let u = 58 + w. Is u prime?
False
Is 2554/4*((-15)/(-5) - -3) composite?
True
Let w = 3 + 2. Let j be (-3)/6 + (-7)/(-14). Suppose -w*v - 5*r = -410, j = -5*v + r + r + 431. Is v a composite number?
True
Let g = 20 + -15. Suppose -g*a - t = -426, 4*a - 5*t = -11 + 346. Is a composite?
True
Suppose 18*r + 130571 = 25*r. Is r composite?
True
Let b(o) = -2*o - 17. Let y(v) = -17. Let k(h) = -3*b(h) + 2*y(h). Is k(10) a composite number?
True
Let a(g) = 5*g**3 + 49*g**2 + 20*g + 67. Let q(u) = -u**3 - 12*u**2 - 5*u - 17. Let d(p) = -2*a(p) - 9*q(p). Is d(10) a composite number?
True
Suppose -q + x + 4*x + 52 = 0, 0 = 5*x + 15. Suppose -5*l - t + 1164 = 0, l - 191 = -5*t + q. Is l a prime number?
True
Suppose -2*w + 47*q = 46*q - 14904, 7447 = w - 3*q. Is w prime?
False
Let r be 6/(-3)*(42/12 + -6). Suppose -r*y = 4*h - 1425, -3*h + 1070 = -6*y + 11*y. Is h a prime number?
False
Let m = 110 + -37. Suppose -2*d - 4*n + m = -121, -4*d = n - 388. Let z = 60 + d. Is z a prime number?
True
Is ((-2435990)/(-152))/(1/4) a composite number?
True
Suppose 5*l - 11519 = 6426. Is l composite?
True
Suppose 2*j - v - 682 = -4969, 0 = 2*j + 4*v + 4302. Suppose -2*i - 3*i - 30 = 0. Is (2/i)/(11/j) a composite number?
True
Let u = -5299 - -7878. Is u prime?
True
Let l(c) = -c**3 + 6*c**2 + 10*c - 9. Let z be l(7). Is 18/z*(514 - 0) composite?
True
Suppose 2579 - 23 = 2*v + 5*m, -4*v - 2*m + 5128 = 0. Is v a prime number?
True
Is 6791/(-8 + 123/15) a prime number?
False
Let l be (0 - (-1532)/(-10))/(10/(-100)). Suppose 3*w - l = 1315. Is w a composite number?
True
Let d be (-2)/(-11) - (-140847)/(-77). Let u = -930 - d. Is u prime?
False
Let h be 3/27*3*(3602 + 1). Let o = 2736 - h. Is o prime?
False
Let t = -47 - -38. Is 21832/72 + 2/t prime?
False
Suppose 0*u - 2345 = -5*u. Let w = -135 + u. Let v = -219 + w. Is v prime?
False
Let f = 5443 + 12826. Is f composite?
False
Let o be (-2338)/(-4) - (30/(-12))/(-5). Suppose q - o = 83. Is q a prime number?
False
Let m(o) = -5*o + 1. Let q be m(2). Let g = 10 + q. Is (326/(-10))/(g/(-5)) prime?
True
Suppose 3*c + 5 + 5 = -4*v, -2*c + 2*v = 16. Let b be 1160/4*3/c. Let g = b - -398. Is g composite?
True
Let q = 191 + -12. Is q a composite number?
False
Let k(t) = -220*t**3 - 2*t**2 + 2*t + 7. Is k(-3) a prime number?
True
Let n(c) = 31*c**2 + 4*c - 43. Is n(-12) prime?
True
Let a = 0 + 0. Suppose -8*r + 2*r + 24 = a. Suppose -2*d + 2*f = -4*d + 248, -r*f = -d + 139. Is d composite?
False
Let z(t) = -8*t + 33. Let h be z(6). Let j(l) = -32*l + 37. Is j(h) a composite number?
True
Let u be (-64)/(-20)*(-5450)/(-5). Suppose 0 = 3*t - 2809 - u. Is t a prime number?
True
Let a be 9/(-6) - (-34044)/8. Let l = a + -1477. Is l a composite number?
False
Let q(c) = -c**2 - 5*c + 3. Let t be q(-5). Suppose o = t*o - 8. Suppose -3*d + 272 = -y - o*y, -4*d = 2*y - 354. Is d a prime number?
True
Let r = -8 - -10. Suppose 0 = -v + r*p - 76, -v - p - 77 = -4*p. Let y = 127 + v. Is y prime?
True
Suppose 3604 = 2*i - 22. Let v = i - 1035. Is v a prime number?
False
Let c be (1 - 4)*1 - -10. Let a(d) = -41*d**2 - 5*d + 2. Let r(z) = 40*z**2 + 4*z - 1. Let s(g) = c*r(g) + 6*a(g). Is s(-4) a composite number?
False
Let k = -16764 - -112341. Is k prime?
False
Let q = -1 - -4. Let y be 44 + (2 - q)*-1. Suppose 0 = j - y - 76. Is j a composite number?
True
Let c be (11 + -17)/(3/2). Let b = 19 + c. Is b a prime number?
False
Suppose -4*i + 4*m = m + 45, 0 = 5*i - 4*m + 56. Let l be i/3 + 1 - -1388. Is l/4 - (-9)/12 a prime number?
True
Let g = -296 + 2334. Let d = g - 951. Is d a prime number?
True
Let s(u) = 12*u**2 + 3*u + 2. Let w(f) = f**3 - 2*f**2 - 2*f. Let m be w(3). Suppose -3*y + 12 = m. Is s(y) composite?
True
Let q(u) = -5*u**3 - 6*u**2 - 6*u - 35. Let b(f) = -6*f**3 - 5*f**2 - 6*f - 36. Let i(c) = 4*b(c) - 5*q(c). Is i(-8) a prime number?
False
Let m(r) = r**2 - 19*r + 31. Let s be m(17). Is (559 - 2) + -3 - s a prime number?
True
Let n(c) = 32*c**2 - 5*c + 3. Let r be n(-4). Let f = r + -344. Is f prime?
True
Suppose 7*j - 44541 = -8092. Is j a prime number?
False
Suppose -6*q - 596 = -y - 4*q, -4*y + 2388 = -4*q. Let l = 1185 - y. Is l a prime number?
True
Let i = 2297 - -1974. Is i composite?
False
Let f(h) = 1581*h - 7. Is f(2) a prime number?
False
Let d(t) = t**3 - 4*t**2 + 4*t + 9. Let z = -44 + 54. Is d(z) composite?
True
Suppose 0 = -3*x - 3*q + 44727, -7958 = -x + 4*q + 6951. Is x composite?
True
Let i(y) = -52*y - 19. Let x be (1/2)/(13/(-156)). Is i(x) prime?
True
Is (-5)/(-30) + (-71108)/(-24) composite?
False
Let u be 2/(-16) - 195459/(-88). Suppose -4*i + i - a = -1336, -5*i + 4*a + u = 0. Is i prime?
False
Let u be 1 + -3 - (-129 - 15). Let k = 907 + u. Is k a prime number?
True
Is (29/(-3))/(19/(-399)) a prime number?
False
Is 34698/14 + 1*40/70 a composite number?
True
Suppose -5*o + 3*o + 14 = 0. Let x = 8 - o. Is 149/(x/(-2 + 3)) prime?
True
Suppose -y + 3 = s, 4*s + 3*y = y + 18. Let c be 2/(s/3)*2385. Is ((-6)/(-10))/(9/c) a prime number?
False
Is (20/(-30))/2 + (-70028)/(-6) a composite number?
True
Let c(t) = 51*t**2 + 3*t - 103. Is c(10) prime?
False
Suppose -12130 = 30*c - 32*c. Is c composite?
True
Let a be ((-8)/(-10))/((-4)/30). Let z = a - -5. Is 11/1*(-11)/z a composite number?
True
Let u be 3 + ((-3)/(-1) - 3). Suppose 3*n - c + u = 4*n, 0 = 2*c + 2. Let a(d) = 5*d**3 - 4*d**2 - 5*d - 3. Is a(n) a composite number?
False
Let g(c) = 17*c**3 - 13*c + 13. Let n = 19 + -15. Is g(n) a prime number?
True
Let w be 0 + 2 - (0 + 1). Let q(k) = -